 common divisor of f and k.
5
Let k(g) be the first derivative of 5*g**3/3 + 3*g**2/2 + 2*g - 9. Let n be k(-2). What is the greatest common factor of 24 and n?
8
Suppose 4*q = 19 + 1. Calculate the greatest common factor of q and 55.
5
Suppose 520 = 3*w - s - s, 352 = 2*w + 4*s. What is the greatest common divisor of 58 and w?
58
Let s = 208 - 178. What is the highest common factor of 12 and s?
6
Let p(o) = 8*o - 4*o**3 - 3*o**2 + 5*o**3 - 5*o**2 + 5. Let m be p(7). Suppose -5*g = -10*g + 20. What is the greatest common divisor of g and m?
4
Suppose -5*t + 2 + 3 = 0. Let y be 13 + (-8)/(2/t). Let c(x) = 11*x**2 - 4*x + 3. Let j be c(3). What is the highest common factor of j and y?
9
Suppose y - 5*d - 149 = -34, -364 = -4*y - 4*d. What is the highest common factor of 38 and y?
19
Let h(c) = c**2 + 8*c + 10. Let s be 2/(-6) + (-68)/(-6). Suppose 10 = -3*k - s. Let o be h(k). Calculate the highest common divisor of o and 33.
3
Let j(i) = 3*i**2 - 4*i + 5. Let x(r) = -r**2 - r. Let w(g) = j(g) + x(g). Let t be w(2). Calculate the greatest common divisor of 9 and t.
3
Let u be 3 + (-2 - (-3 - 96)). Let h be (u/5)/(2 - 0). Calculate the highest common divisor of h and 20.
10
Let n(p) = p**2 - 12*p - 5. Let j be n(13). Calculate the greatest common factor of 32 and j.
8
Let z(k) = -k**3 + 10*k**2 - 10*k - 7. Let v be z(6). What is the greatest common divisor of v and 7?
7
Let k(t) = 11*t - 2 - 9*t + 2*t**2 - 2. Let v be k(-4). Suppose 3*y + 0*y - 28 = -2*p, -y + 2*p = -v. Calculate the highest common factor of 48 and y.
12
Let a be 2/(-5) + (-176)/10. Let b(q) = -q**3 + 7*q**2 + 7*q - 3. Let d be b(8). Let s = d - a. What is the greatest common divisor of s and 21?
7
Suppose 6*j - 54 = 714. What is the highest common factor of j and 16?
16
Suppose -n - 24 = -3*r, -n = r - 0*n - 8. Let b = 16 - r. Calculate the highest common divisor of b and 72.
8
Let g = -251 + 261. Let i be 0 + 1 + 25 + -1. Calculate the greatest common divisor of g and i.
5
Let w(u) = u**3 + 5*u**2 + 3. Let c be w(-5). Suppose -c*p = -30 - 27. What is the greatest common divisor of p and 76?
19
Let n be (6*6/24)/((-1)/(-50)). Calculate the greatest common factor of 50 and n.
25
Let l(n) = -n + 1. Let x(m) = -4*m - 1. Let i(j) = -6*l(j) + x(j). Let s be i(8). Let h be (-1)/3 + 217/3. Calculate the highest common factor of h and s.
9
Let m(w) = 13*w**2 + 2*w. Let h be m(1). Calculate the greatest common factor of h and 120.
15
Let d be 445/15 + (-2)/(-6). Suppose -2*r = 2*r + 3*h - 5, d = 4*r - 2*h. Calculate the greatest common divisor of 25 and r.
5
Suppose 2*q = a - 3, 3*a - 4*q - 12 = -q. Suppose 2 - a = x. Let s be 21*((x - -5) + -1). Calculate the highest common factor of 14 and s.
7
Let j(d) = 2*d - 3. Let p be j(2). Calculate the greatest common factor of 5 and p.
1
Let w(k) = -k**3 - k. Let p(r) = -r**3 - 4*r**2 + 2*r + 2. Let d(q) = p(q) + 3*w(q). Let x be d(-2). What is the greatest common divisor of x and 5?
5
Let q = -11 + 26. Calculate the greatest common divisor of 165 and q.
15
Suppose -12 = 3*u - 7*u. Calculate the greatest common divisor of 12 and u.
3
Suppose -7 + 62 = 5*w. Suppose -w = -4*m + 33. What is the greatest common factor of m and 121?
11
Suppose 6*v - 6 = 3*v. Calculate the highest common divisor of v and 2.
2
Suppose n = 4*n - 45. Suppose 4*s - 55 = -0*f - f, 5*f - n = 0. Calculate the highest common factor of s and 117.
13
Suppose 3*q + q - 4*c = 144, -4*c = -3*q + 105. What is the highest common factor of q and 13?
13
Let b = 17 + -12. Let y be 3/9 + 44/(-6). Let g = y - -9. Calculate the highest common factor of b and g.
1
Let y = -10 - -15. Let q = 42 + 38. Suppose -4*d = -0*d - q. Calculate the highest common divisor of y and d.
5
Suppose 0 = 2*g - 0*g - 220. Let a = g + -77. Calculate the highest common factor of 22 and a.
11
Let l be (-6)/(-4)*(-2)/(-3). Suppose -10*a + 37 = -13. Calculate the greatest common factor of l and a.
1
Suppose 0 = -2*y + 3*y - 14. What is the highest common factor of y and 2?
2
Suppose 4*r - 386 = -2*f - r, -382 = -2*f - 4*r. Let y = f + -84. What is the greatest common factor of y and 11?
11
Let r(p) = 2*p**2 + p + 7. Let i be r(7). Let c(f) = -f**3 - 7*f**2 - 8*f + 4. Let a be c(-6). What is the greatest common factor of a and i?
16
Let u be 4 - 2 - (-13 - -1). Suppose -3 = -2*p + 3. Suppose -4*l = -v - 396, -3*v = p*l - 206 - 76. What is the greatest common divisor of l and u?
14
Suppose 0*v - 5*z = 3*v - 434, -4*v + 571 = -z. What is the greatest common divisor of v and 13?
13
Let s(g) = -g**2 - 11*g - 4. Let a be s(-8). Suppose m = -0*m + a. What is the greatest common factor of 8 and m?
4
Suppose 100 = -5*z - 0*z. Let f = z - 2. Let s = -16 - f. What is the greatest common divisor of 6 and s?
6
Let x be 97 + 2 + (-3)/(-3). Suppose -3 = -3*f, -2*f = 3*z - 4*f - x. What is the greatest common divisor of 17 and z?
17
Let g be (-736)/(-5) + -6 + 116/20. Calculate the highest common factor of 21 and g.
21
Let u(v) = 3*v**2 + v + 1. Let m be u(-1). Suppose -6 = -3*o + m. Let x(f) = 2*f**2 - 6*f + 1. Let w be x(5). Calculate the greatest common divisor of o and w.
3
Let v = 20 - 19. Calculate the greatest common factor of v and 1.
1
Let r(b) = -b**2 - 8*b. Let z be r(-6). Suppose -4*h - 2*m + 82 = -4*m, h + m - 13 = 0. Calculate the highest common divisor of h and z.
6
Suppose 54 = 4*w + 22. Calculate the highest common factor of w and 8.
8
Let o(h) be the third derivative of -h**5/60 + h**4/4 + 2*h**2. Let x be o(5). What is the greatest common divisor of 1 and x?
1
Let f = 18 + -10. Suppose 5*j + 405 = f*j. Calculate the highest common divisor of j and 15.
15
Let y(m) = 19*m**3 + m**2 + m - 1. Let r be y(1). Let b = r + -14. Let t(q) = -q + 12. Let f be t(6). Calculate the highest common divisor of f and b.
6
Suppose 3 = 4*b + 5*r, -5*b + 0*r + 15 = 4*r. Suppose 5*g = b + 3. Suppose j + 12 = 4*j. Calculate the highest common divisor of g and j.
2
Let l = 1 - -1. Let k be l/5 + 18/5. Let p = -3 - -4. Calculate the highest common divisor of k and p.
1
Let m be 170/6 + 5/(-15). What is the greatest common divisor of m and 7?
7
Let l be ((-3)/4)/((-7)/(-28)). Let v(j) = -7*j - 3. Let a be v(l). What is the highest common factor of 9 and a?
9
Let o(p) = -p + 1. Let y be o(0). Let n(j) = j**3 + 3*j**2 + j. Let z be n(-1). Calculate the greatest common factor of y and z.
1
Suppose -3*g - v + 25 = 0, 3*v + 16 - 1 = 0. What is the highest common factor of 25 and g?
5
Suppose y + y - 150 = 0. Calculate the highest common divisor of y and 30.
15
Let i(m) = -m**3 + m**2 + 4. Let x be i(0). What is the highest common divisor of 28 and x?
4
Let i(h) be the first derivative of -17*h**4/4 + h**2/2 + 1. Let v be i(-1). What is the highest common factor of v and 24?
8
Let u be ((-1)/(-2))/((33/(-108))/(-11)). Calculate the greatest common divisor of 90 and u.
18
Let h be 67 + (1 - 0) - -2. Let f be ((-60)/9)/(10/3 - 4). What is the greatest common divisor of f and h?
10
Let s be (-3)/(-1)*(-8)/(-3). Let y(z) = -4*z + 60. Let w be y(10). What is the greatest common factor of w and s?
4
Let l(v) = -v**2 - 5*v + 4. Let c be l(-5). Suppose 0 = 4*m - 3*b - 159, -m = -3*m - c*b + 96. Calculate the greatest common factor of 6 and m.
6
Let v(y) = 2*y - 3. Let b be v(4). Suppose -b*w + 140 = -w. Calculate the greatest common factor of 7 and w.
7
Let g be (-1)/(7/(-6))*7. Suppose g*b + s = 3*b + 44, -5*s - 52 = -2*b. Calculate the greatest common factor of b and 2.
2
Let s be (-1)/4 + (-81)/(-36). Suppose -26 = -3*g + 2*f, -2*f - s*f = 5*g - 80. Calculate the highest common factor of 12 and g.
12
Suppose 3*j = 5*t, -4*j + 2*t = 4*t. Let a be (j + 2 - 3) + -1. Let x be a + (-2 - -2) - -106. Calculate the highest common factor of 13 and x.
13
Suppose -4*d + 1 = 3*o - 0*o, -3*o = -d + 19. Calculate the greatest common factor of 44 and d.
4
Suppose -3*x + 198 = -x. Calculate the highest common factor of 9 and x.
9
Suppose 5*a - 7 = 3. Suppose 5*d = -a*b + b + 230, b - 5 = 0. Calculate the highest common factor of 18 and d.
9
Let s be (-60 + -3)*22/(-6). What is the highest common divisor of 21 and s?
21
Suppose 0 = -f - 2*f + 120. Suppose 5*c + 1 = 4*o - 3, -4*o = 3*c - 4. Suppose c = -5*v + 14 + 36. Calculate the greatest common divisor of 